e number?
False
Suppose 0 = -2*p - 2, 4*g = -g - 2*p + 663. Suppose 5*w + 289 = -3*o, 5*w - 5*o - 113 + 378 = 0. Let z = g + w. Is z a prime number?
False
Let y be (-6)/39 - (-5706)/78. Suppose -5*v - 59 = 2*t, -y = 4*t - 0*t + v. Let n(l) = -l**3 - 13*l**2 + 19*l + 20. Is n(t) composite?
False
Let v(u) = 7714*u**2 - 5*u - 4. Let w(a) = -a**2 + 11*a - 19. Let p be w(9). Is v(p) a prime number?
False
Suppose 0 = -z + 2*o + 291, -4*z + 5*o + 1470 = z. Let j be 0 + (z - -3) + 4. Suppose -3*r + 413 = -j. Is r composite?
False
Let s be 5464*1*8/8. Suppose 2*n - 5*m = s, 2 = -m - 2. Is n a composite number?
True
Let f = 132 + 1582. Suppose 0 = -k + 5, -3*g - 2*k + 10 = -6. Suppose 3728 = g*w - f. Is w a prime number?
False
Let v(g) = -37*g + 106. Let p be v(-54). Suppose -p = -437*q + 429*q. Is q prime?
True
Let l(i) = 3*i**2 - 26. Let j(t) = -8*t - 24 - 3*t + t**3 + 9*t**2 + 3. Let o be j(-10). Is l(o) composite?
False
Suppose 5*z - 12829 = 22821. Let s = 12357 - z. Is s composite?
False
Let b be (2 + 0)*(-3)/(-6). Suppose -c + b = -1. Suppose 0 = -0*z + z + c*a - 501, 0 = -5*z - 3*a + 2505. Is z composite?
True
Let f be ((-30018)/18)/((-4)/(-144)*6). Is f/(1*(1 + (-8 - -5))) prime?
True
Suppose -390*o = 162634552 - 775983262. Is o composite?
False
Let l(v) = -9999*v + 894. Is l(-5) composite?
True
Suppose -22*g + 2*v = -28*g + 3731922, 2*g - 2*v - 1243990 = 0. Is g a composite number?
True
Suppose -4185 = 2*g - 12529. Suppose -g = 8*v - 15060. Is v a prime number?
True
Suppose 43785 = 27*w - 0*w - 285048. Let o = 1108 + 3778. Suppose 0 = -2*a - 4*d + o, -a - 2*d - w = -6*a. Is a a prime number?
True
Let w(z) = 498*z + 3577. Is w(68) composite?
False
Suppose -5 + 1 = -2*f. Let o be 2247/(-12)*f*-2. Let r = 1075 - o. Is r composite?
True
Let g(f) = -f**2 + 7*f + 89. Let n be g(-6). Suppose -14*l = -n*l - 6198. Is l composite?
True
Let l(z) = 3*z**3 + 4*z**2 - 7*z - 3. Let k be l(7). Let h(v) = -79*v + 28. Let j be h(-6). Let o = k - j. Is o a prime number?
False
Let m be -2 + -4 + 5*5/25. Is ((-9)/27)/(m/12930) a composite number?
True
Suppose c - 42*c - 8*c + 2678683 = 0. Is c composite?
False
Let f = 920 - 1333. Suppose w + 2*j - 586 = 0, 4*j - 1 = -13. Let q = f + w. Is q a prime number?
True
Suppose 3*n + 6*n = -1674. Is 60138/15 + 6 + n/30 a composite number?
True
Let c = 64364 - -26219. Is c a composite number?
False
Let c(u) = -2406*u - 4157. Is c(-13) prime?
False
Let f be 81068 - (-6 + (9 - 8)). Suppose -32*n = -51*n + f. Is n a composite number?
True
Suppose 42*y - 44*y + 95005 = 5*q, -5*y = q - 19001. Is q a prime number?
True
Suppose 4*c + 7 - 39 = 0. Let l(d) = 6*d**3 + 4*d**2 - 15*d - 3. Is l(c) composite?
True
Is ((-390)/(-520)*(-1)/3)/(1/(-1734004)) a composite number?
False
Let t be (-4492)/(-5) - (-12)/(-30). Let j = -1806 + t. Let i = -615 - j. Is i a composite number?
False
Let q = -6 + 6. Suppose q = -2*r - 720 - 538. Let x = 1840 + r. Is x prime?
False
Let h = 132 + 152. Suppose 48879 = 293*n - h*n. Is n composite?
False
Suppose -8*f - 25 = -13*f. Suppose 0*r - 105 = f*r - 5*l, 0 = -r - 5*l - 51. Is (-4)/r - 34676/(-52) a composite number?
True
Suppose 8 = 7*r - 34. Let x(l) = -l**3 + 6*l**2 - 3*l - 6. Let q be x(r). Is 4/q - 9247/(-6) composite?
True
Let n = -101 - -102. Is -5*(n - 2)/(20/21740) composite?
True
Let n be 1196/(-14) + (-6)/(-14). Let u = n - -1280. Is u prime?
False
Let t(d) = -d. Let k be t(-7). Let q(j) = 121*j**2 - 13*j + 11. Let l be q(k). Suppose 0 = -5*y + 4*h + l, -2*y + 3*y - h - 1170 = 0. Is y a composite number?
True
Let t(s) be the first derivative of s**4/4 + 26*s**3/3 - 28*s**2 - 14*s + 48. Is t(-23) a prime number?
True
Suppose 10*w + 7*w - 35452 = 179547. Is w prime?
True
Let k = 838925 - 424296. Is k a prime number?
True
Let r = 359 - 358. Is (16 - 23) + r*5988 a composite number?
False
Let c(p) = -p**2 - 16*p - 11. Let l be c(-13). Let y = l + -7. Is 818*(y/6 - 3) prime?
True
Let a = 1186146 + -818627. Is a a prime number?
True
Suppose -5*y = -4*z + 1825, 5*z - 2106 = -4*y + 206. Suppose z*x = 454*x + 5268. Is x a composite number?
True
Suppose -95*u + 85541779 + 26497352 = 15074626. Is u a prime number?
False
Let j be (-35 - -32)/(9/(-12)). Suppose -11395 = -4*l - v + 11719, 0 = -3*l + j*v + 17345. Is l prime?
True
Suppose 10*u = 5*u - 3*s - 9272, 3*u + 5569 = 4*s. Let g = u + 2635. Let y = -489 + g. Is y a composite number?
True
Suppose 0 = 31*i - 32642 - 48020. Suppose -17*s = -16*s + 1476. Let n = i + s. Is n prime?
False
Suppose 3178768 = 28*w + 877476. Is w prime?
True
Let a(i) = -i**2 + i - 1. Let q(m) = -42*m**2 - 7*m + 43. Let n = -86 - -85. Let w(y) = n*q(y) - a(y). Is w(-9) composite?
True
Suppose 1101*z = 1107*z - 196440. Suppose d + 783 = z. Is d composite?
False
Let m = 787 + -769. Suppose -5685 = -7*n + 2*n. Is 2*n/m - 4/(-6) prime?
True
Is 14/70*20 - -37687 prime?
True
Let g(b) = -17*b**2 - 13*b - 4. Suppose n + 3*x = 3, 4*n - 2*x + x = 12. Let m(y) = -16*y**2 - 12*y - 3. Let v(h) = n*m(h) - 4*g(h). Is v(-6) a prime number?
True
Suppose 11*z - 1411 - 459 = 0. Suppose -177*i + 7469 = -z*i. Is i composite?
True
Let f be (-3382)/(-14) + 21/49. Suppose -244*s = -f*s - 2018. Is s composite?
False
Suppose -3*n = -n - l - 9, 4*l = -5*n + 29. Suppose -6*a + 7 = -n. Suppose a*y = 2*f + 120, 282 = -0*y + 5*y + 4*f. Is y prime?
False
Suppose -4*j + 2*v + v + 48 = 0, -3*v = -12. Let k(z) = 4*z. Let q(f) = 213*f + 14. Let r(l) = -2*k(l) + q(l). Is r(j) prime?
True
Suppose -127*n = -123*n - 42880. Let m = -5543 + n. Is m prime?
False
Let n(u) = u**3 - 20*u - 13. Let k be n(-4). Suppose k*j - 38*j + 1188425 = 0. Is j composite?
True
Let v = 10842 + 26957. Is v a composite number?
False
Let t = 516 - 490. Let d(z) = 920*z + 141. Is d(t) a composite number?
False
Suppose -3*q - 73 + 91 = 0. Is ((-3)/q)/(6/(-13044)) a prime number?
True
Let m(u) = -222*u - 3. Let p be ((-4)/(-4))/(-2*2/(-8)). Let j be m(p). Let s = 781 + j. Is s a prime number?
False
Suppose 30*m - 416432 + 84291 = 50029. Is m composite?
False
Let x be 23/5 - 246/410. Suppose -15*p + 5*i = -18*p + 17221, -22938 = -x*p + 5*i. Is p prime?
True
Suppose -2*l = -29*w + 27*w - 2530, 3777 = -3*w - 3*l. Let u be (10/8)/((-1)/4). Is w*(u + 27/6) composite?
False
Let f = -28612 - -41245. Suppose 3*s = -4239 + f. Suppose 0 = -4*g + 6*g - s. Is g a composite number?
False
Let f = 421488 - 59593. Is f prime?
False
Let t(i) = 1387*i**3 + 19*i**2 + 96*i - 781. Is t(7) prime?
False
Suppose 14*z - 3*z - 385 = 0. Let x(p) = 8*p + 48 + z - 6*p. Is x(22) prime?
True
Let i(g) = 128*g + 3. Let z be i(4). Let n = -1089 + z. Let t = n + 1803. Is t a prime number?
True
Let s = 164408 + -57921. Is s prime?
True
Suppose 15283 = 48*c - 19*c. Let i = -123 + 646. Suppose -z - 3*f = -i, -2*z + c = -z + 2*f. Is z a prime number?
False
Let u(g) = 24 - 24 + 41 + 965*g - 259*g. Let r be u(6). Let p = r - 1140. Is p prime?
True
Let c be (-795)/(-35) + 1 - 2/(-7). Let i(t) = 3*t**2 - 39*t - 41. Is i(c) a prime number?
True
Let p = 353 + -545. Is (-48)/p - 573606/(-8) a prime number?
False
Suppose -4*o - 2*s + 3*s = -107, 0 = -3*s + 15. Is (-8)/o - 60078/(-14) composite?
True
Suppose 0 = 5*k - 10, 5*y + 14*k - 901149 = 12*k. Is y composite?
True
Let h = -227576 + 364802. Suppose -h = -1164*q + 1158*q. Is q a prime number?
True
Is ((-399530)/20)/(((-39)/42)/13) a prime number?
False
Suppose -2*j - 1 = -c, -3*c = -j - 3 - 10. Suppose 0*t - 2*u = j*t - 9444, t = -4*u + 4725. Is t composite?
False
Suppose -3545 = 64*r - 1507153 - 174408. Is r a composite number?
True
Let y(q) = -15*q**2 - 9*q - 15. Let d be y(14). Let z = d + 6800. Is z prime?
True
Let g be 20 - 27 - (-14702)/2. Suppose 2*y + 4*i = 9*i + 3642, 4*y - g = -5*i. Is y a composite number?
False
Let w(f) = 713*f**2 - 11*f - 309. Is w(-16) prime?
False
Is (-3 - -12)/(-9)*-40973 prime?
True
Let c be (19/(-4) - 3)/(2/8). Let y be 60/(-140) + c/(-7). Suppose -y*j = -4936 - 1996. Is j a prime number?
True
Let i = -958344 + 1748857. Is i prime?
True
Suppose -11*q + 362 = -2729. Suppose -q*n = -283*n + 4906. Is n composite?
True
Let v = -4995 + 37094. Is v a prime number?
True
Suppose 0 = c - 6*c, -h - 10994 = -4*c. Let a = h + 20887. Is a composite?
True
Suppose 0 = 18*g - 2324494 - 1753244. Is g a composite num